the greatest common factor of 80 and 315720.
40
What is the highest common factor of 170 and 243610?
170
What is the greatest common divisor of 856 and 1942264?
856
What is the highest common factor of 18280 and 2520?
40
Calculate the greatest common factor of 6250 and 10250.
250
What is the highest common factor of 575 and 1575?
25
Calculate the greatest common factor of 1893 and 81.
3
What is the highest common divisor of 50774 and 212?
106
Calculate the greatest common divisor of 95 and 14744.
19
What is the highest common divisor of 624 and 5792?
16
What is the greatest common divisor of 4602 and 8697?
39
Calculate the highest common divisor of 30056 and 195.
13
What is the highest common divisor of 187 and 542729?
11
What is the greatest common factor of 2196 and 2286?
18
What is the highest common factor of 165 and 2871165?
165
Calculate the greatest common divisor of 4314 and 8085874.
1438
Calculate the greatest common factor of 234927 and 198.
99
What is the greatest common divisor of 3480 and 20532?
348
Calculate the greatest common divisor of 47355 and 1485.
165
Calculate the highest common factor of 691 and 11185217.
691
What is the highest common divisor of 1068 and 168996?
12
What is the greatest common divisor of 111663 and 76?
19
Calculate the highest common factor of 910 and 39200.
70
What is the highest common divisor of 249486 and 516?
258
What is the greatest common factor of 11237 and 688762?
661
What is the greatest common divisor of 351 and 32805?
27
Calculate the greatest common factor of 3705 and 56563.
247
What is the highest common factor of 3576 and 26373?
447
What is the greatest common factor of 430675 and 161?
161
What is the greatest common divisor of 1250 and 2950?
50
Calculate the highest common factor of 6989 and 2651.
241
What is the highest common factor of 703 and 874?
19
Calculate the highest common divisor of 10808 and 2520.
56
Calculate the highest common factor of 5751 and 82857.
213
What is the greatest common factor of 70 and 3073910?
70
What is the highest common divisor of 4 and 7732?
4
What is the greatest common factor of 272 and 94384?
272
Calculate the greatest common factor of 144 and 16928.
16
What is the highest common divisor of 13395 and 987?
141
What is the highest common divisor of 2668 and 5452?
116
Calculate the greatest common divisor of 11203 and 374.
17
What is the highest common divisor of 5727 and 4316?
83
What is the greatest common divisor of 2618 and 23716?
154
What is the greatest common divisor of 86655 and 29103?
327
Calculate the greatest common divisor of 399 and 468559.
133
What is the highest common factor of 31 and 1627?
1
Calculate the highest common factor of 747778 and 356.
178
Calculate the greatest common divisor of 12980325 and 1425.
1425
Calculate the highest common factor of 32668 and 16.
4
What is the highest common factor of 812 and 2805866?
406
Calculate the highest common factor of 3092944 and 32.
16
Calculate the greatest common divisor of 36 and 18168.
12
Calculate the greatest common divisor of 1472515 and 123.
41
Calculate the highest common divisor of 359 and 3659287.
359
Calculate the greatest common factor of 280 and 77420.
140
What is the highest common divisor of 25191 and 225?
9
What is the greatest common divisor of 292451 and 17?
17
Calculate the highest common factor of 634 and 515759.
317
What is the greatest common divisor of 3568 and 4112?
16
What is the greatest common divisor of 29568 and 11?
11
Calculate the highest common divisor of 222 and 154401.
111
What is the highest common factor of 262 and 2358?
262
What is the highest common divisor of 48178 and 306?
34
Calculate the highest common divisor of 210093 and 1872.
39
Calculate the highest common factor of 1387391 and 97.
97
What is the highest common divisor of 301917 and 693?
231
What is the greatest common divisor of 25 and 3725?
25
Calculate the greatest common factor of 490 and 32536.
98
Calculate the highest common divisor of 64 and 80096.
32
Calculate the highest common divisor of 18 and 1662.
6
Calculate the greatest common factor of 25249 and 217.
7
What is the highest common divisor of 449388 and 228?
228
What is the greatest common factor of 2039184 and 272?
272
Calculate the highest common factor of 59686 and 22.
22
Calculate the greatest common factor of 144 and 11856.
48
Calculate the highest common divisor of 908 and 174563.
227
Calculate the highest common factor of 743358 and 165.
33
Calculate the highest common divisor of 53860 and 880.
20
Calculate the highest common factor of 6996 and 65879.
583
Calculate the greatest common factor of 55372 and 18312.
436
What is the highest common factor of 16 and 21036?
4
What is the highest common factor of 1600 and 251072?
64
Calculate the greatest common divisor of 10 and 8352.
2
What is the greatest common factor of 27 and 2649?
3
Calculate the highest common divisor of 8038 and 4.
2
What is the highest common factor of 6 and 2975736?
6
Calculate the highest common divisor of 130 and 2896790.
130
What is the greatest common divisor of 12581 and 368?
23
Calculate the greatest common factor of 381632 and 544.
32
What is the greatest common divisor of 1802 and 2482?
34
What is the highest common divisor of 864 and 3552?
96
What is the greatest common factor of 138200 and 205?
5
What is the greatest common factor of 96 and 13344?
96
Calculate the highest common divisor of 7314 and 644851.
1219
What is the highest common factor of 175 and 9950?
25
Calculate the highest common factor of 300 and 199140.
60
What is the greatest common factor of 56 and 5851846?
14
Calculate the greatest common divisor of 153707 and 4376.
547
Calculate the highest common divisor of 87 and 97556.
29
What is the greatest common factor of 758 and 1428451?
379
Calculate the highest common factor of 30 and 4170.
30
What is the highest common divisor of 187940 and 20?
20
Calculate the highest common divisor of 123162 and 13.
13
What is the highest common factor of 165672 and 600?
24
Calculate the highest common divisor of 760 and 2760.
40
What is the greatest common divisor of 70545 and 15?
15
Calculate the highest common divisor of 64 and 1324.
4
Calculate the greatest common divisor of 34946 and 2422.
346
Calculate the greatest common divisor of 31772 and 3380.
676
Calculate the greatest common divisor of 116 and 493.
29
Calculate the greatest common divisor of 1920 and 17520.
240
Calculate the highest common factor of 16 and 194992.
16
Calculate the highest common divisor of 9 and 906501.
3
Calculate the greatest common divisor of 1593 and 201249.
531
What is the highest common divisor of 288073 and 271?
271
What is the greatest common divisor of 1001 and 350?
7
What is the greatest common divisor of 7319 and 338?
13
Calculate the highest common factor of 48 and 243.
3
Calculate the highest common divisor of 19 and 207233.
19
What is the greatest common factor of 1088 and 179656?
136
What is the highest common divisor of 772637 and 2643?
881
What is the highest common divisor of 1071692 and 1808?
452
What is the highest common divisor of 24 and 387048?
24
What is the greatest common factor of 33557 and 989?
23
Calculate the highest common divisor of 356055 and 75.
15
Calculate the highest common divisor of 6634 and 76756.
62
What is the greatest common divisor of 282 and 195802?
94
What is the highest common divisor of 35 and 4951240?
35
What is the highest common divisor of 33636 and 1644?
12
What is the greatest common factor of 1205 and 125?
5
What is the highest common factor of 424 and 3233?
53
What is the highest common divisor of 52528 and 4?
4
Calculate the greatest common factor of 32 and 170416.
16
What is the highest common divisor of 240396 and 45448?
1196
Calculate the highest common divisor of 24867 and 36840.
921
What is the greatest common factor of 192890 and 125?
5
What is the highest common factor of 92731 and 47?
47
Calculate the greatest common factor of 8 and 856516.
4
What is the highest common divisor of 56336 and 2128?
112
Calculate the greatest common divisor of 21 and 33777.
3
What is the highest common factor of 6 and 8264?
2
What is the greatest common divisor of 1768 and 61540?
68
Calculate the highest common factor of 1526